reatest common divisor of 550 and 1200.
50
Calculate the greatest common factor of 165 and 26455.
55
Calculate the greatest common factor of 23541 and 5487.
177
Calculate the highest common factor of 42 and 312414.
6
What is the greatest common factor of 36927 and 44?
11
Calculate the greatest common divisor of 20705 and 17170.
505
Calculate the highest common factor of 33 and 352517.
11
What is the greatest common divisor of 113 and 4972?
113
Calculate the highest common factor of 12 and 45660.
12
Calculate the greatest common divisor of 6443 and 14023.
379
Calculate the greatest common factor of 46 and 503194.
46
What is the highest common divisor of 230 and 228022?
46
What is the highest common factor of 265969 and 11?
11
What is the greatest common divisor of 1904 and 11662?
238
What is the highest common factor of 3456 and 14464?
128
What is the greatest common factor of 24 and 537752?
8
Calculate the highest common factor of 42 and 136647.
21
Calculate the highest common factor of 232557 and 39.
39
Calculate the greatest common factor of 21251 and 8453.
79
Calculate the highest common factor of 35328 and 759.
69
What is the highest common divisor of 277088 and 448?
224
Calculate the greatest common divisor of 247 and 152.
19
What is the highest common divisor of 1036620 and 40?
20
What is the highest common divisor of 11178 and 594?
54
Calculate the greatest common factor of 36 and 113499.
9
Calculate the highest common factor of 26 and 466037.
13
What is the highest common factor of 3074846 and 19?
19
Calculate the greatest common factor of 122076 and 8.
4
Calculate the greatest common factor of 1407 and 400794.
201
Calculate the greatest common divisor of 288 and 3079152.
144
Calculate the highest common divisor of 388 and 4212.
4
Calculate the greatest common divisor of 8927 and 3318.
79
What is the greatest common divisor of 23361 and 8853?
39
Calculate the highest common factor of 78446 and 122.
122
Calculate the highest common factor of 9 and 1151271.
9
What is the highest common factor of 2902840 and 1240?
1240
Calculate the greatest common factor of 1625 and 901160.
65
Calculate the greatest common divisor of 9476 and 230.
46
What is the highest common divisor of 137 and 130561?
137
Calculate the greatest common factor of 59361 and 24111.
141
Calculate the greatest common factor of 113366 and 1122.
22
What is the greatest common factor of 308 and 63272?
44
What is the highest common factor of 76725 and 15?
15
What is the greatest common divisor of 512 and 242944?
256
Calculate the greatest common divisor of 2448 and 527.
17
What is the highest common factor of 22044 and 3841?
167
What is the highest common divisor of 2184 and 4872?
168
Calculate the greatest common factor of 10707 and 6.
3
What is the highest common factor of 28035 and 1260?
315
Calculate the greatest common factor of 6 and 10194.
6
Calculate the highest common divisor of 2160 and 162.
54
What is the highest common factor of 6660 and 6340?
20
Calculate the highest common divisor of 6139 and 133.
7
Calculate the greatest common factor of 528 and 420816.
528
Calculate the greatest common factor of 9641 and 961.
31
Calculate the greatest common factor of 4913 and 23749.
17
What is the greatest common factor of 40020 and 29290?
290
What is the highest common factor of 147 and 143766?
147
What is the highest common factor of 12363 and 156?
39
Calculate the highest common factor of 88 and 192940.
44
What is the highest common divisor of 363 and 170852?
121
What is the highest common factor of 815 and 1088677?
163
What is the greatest common factor of 18 and 25749?
9
Calculate the highest common factor of 36967 and 28.
7
What is the highest common divisor of 1462 and 83929?
17
Calculate the greatest common divisor of 78 and 5058573.
39
Calculate the greatest common factor of 7209 and 825831.
801
What is the highest common factor of 93222 and 36?
18
Calculate the greatest common divisor of 18 and 435339.
9
What is the greatest common divisor of 795 and 98955?
15
Calculate the highest common divisor of 208243 and 1420.
71
What is the highest common divisor of 1674 and 46314?
558
Calculate the greatest common divisor of 78 and 35646.
78
Calculate the greatest common factor of 1474056 and 16.
8
What is the greatest common factor of 3176 and 161579?
397
What is the highest common factor of 4 and 233668?
4
What is the highest common divisor of 3855 and 1005?
15
What is the greatest common divisor of 888875 and 3282?
547
Calculate the highest common divisor of 1661 and 53658.
11
What is the greatest common factor of 3585 and 5658325?
1195
What is the highest common factor of 1152 and 19136?
64
What is the greatest common factor of 70 and 3757355?
35
What is the greatest common divisor of 38535 and 105?
105
What is the greatest common divisor of 3791 and 629?
17
What is the greatest common factor of 38704 and 16048?
944
What is the greatest common divisor of 521584 and 784?
112
What is the greatest common divisor of 5293 and 6557?
79
What is the highest common factor of 3168 and 121024?
32
What is the greatest common factor of 9831 and 348?
87
Calculate the greatest common factor of 455 and 58555.
35
What is the greatest common divisor of 476 and 5866?
14
What is the greatest common divisor of 17709 and 21?
3
What is the greatest common factor of 158 and 1269925?
79
What is the greatest common factor of 506554 and 103?
103
Calculate the highest common factor of 3456 and 737136.
144
Calculate the greatest common divisor of 7 and 128233.
7
What is the greatest common factor of 13425 and 28125?
75
Calculate the highest common divisor of 42640 and 5.
5
Calculate the highest common divisor of 23829 and 78.
39
What is the greatest common factor of 4837 and 581?
7
What is the highest common factor of 754323 and 1?
1
Calculate the greatest common factor of 176390 and 992.
62
Calculate the greatest common divisor of 1848 and 682.
22
What is the greatest common divisor of 68 and 804542?
34
Calculate the greatest common factor of 27332 and 12.
4
Calculate the highest common divisor of 936 and 22240.
8
Calculate the highest common factor of 4875 and 117.
39
What is the highest common divisor of 812336 and 112?
112
Calculate the greatest common divisor of 52380 and 64990.
970
Calculate the highest common divisor of 687 and 23.
1
What is the highest common divisor of 473 and 176?
11
Calculate the greatest common divisor of 2071 and 57.
19
What is the highest common divisor of 736 and 32?
32
Calculate the highest common divisor of 47 and 50290.
47
What is the highest common divisor of 66864 and 189?
21
What is the greatest common factor of 20367 and 24552?
279
What is the greatest common divisor of 10865397 and 323?
323
What is the highest common factor of 3984 and 1104?
48
Calculate the greatest common factor of 128 and 18488.
8
Calculate the highest common factor of 98229 and 2877.
411
Calculate the highest common factor of 51 and 71808.
51
What is the greatest common factor of 562907 and 131?
131
What is the greatest common divisor of 52008 and 90423?
591
Calculate the greatest common divisor of 398788 and 26.
26
Calculate the greatest common divisor of 1 and 2935.
1
What is the highest common divisor of 170 and 7010?
10
Calculate the greatest common factor of 136 and 114206.
34
Calculate the greatest common factor of 2117 and 43007.
29
Calculate the highest common factor of 1515912 and 24.
24
Calculate the highest common factor of 8199 and 477.
9
Calculate the highest common factor of 798 and 320226.
114
Calculate the highest common divisor of 348894 and 28755.
1917
What is the greatest common factor of 270606 and 336?
42
Calculate the greatest common factor of 328 and 2957002.
82
What is the highest common factor of 376 and 21338?
94
Calculate the greatest common factor of 190 and 25308.
38
Calculate the highest common factor of 4611 and 1855.
53
What is the greatest common factor of 48 and 122832?
48
What is the greatest common factor of 1817 and 4025?
23
Calculate the greatest common divisor of 55176 and 57.
57
What is the greatest common divisor of 16882 and 552?
46
Calculate the highest common factor of 14848 and 2552.
232
Calculate the greatest common factor of 74 and 50.
2
Cal